t o(j) = -j - 1. Let y(z) = g(z) - 6*o(z). Let l be y(0). What is w(l)?
-2
Let i(x) = -x**3 + 3*x**2 + 7*x - 4. Let o be i(5). Let c = o - -14. Let f(j) = j**2 + 5*j + 3. Determine f(c).
3
Let i(f) be the second derivative of f**4/12 + f**3/6 - f**2/2 - 14*f. Give i(2).
5
Let d(o) = -2*o + 1. Let w = 6 - 7. Let i = 2 + w. Determine d(i).
-1
Let t(v) be the first derivative of v**4/4 + 4*v**3/3 - 7*v**2/2 - 2*v - 59. Calculate t(-5).
8
Let o(l) = l. Let z(d) = 21*d - 6. Let i(y) = 18*o(y) - z(y). What is i(7)?
-15
Let c = 11 + -7. Suppose 3*d = -d + 20. Let s = d - c. Let u(m) = m**2 + m - 1. Determine u(s).
1
Let u(c) = -2*c + 10. Let o be u(5). Let s(t) = 5*t - 3*t + o*t. Suppose -z + 3*x = 2*z + 3, -2*x - 2 = 0. Determine s(z).
-4
Let v(o) = -o + 7. Let z(t) = t - 4. Let s be z(9). Let q be v(s). Suppose -4*y = 5*a + 17 - 1, -20 = -q*a + 5*y. Let l(w) = w**3 - w**2 + 2. Give l(a).
2
Let l be (9/(-6) + 1)*2. Let z(t) = -2*t. Let w be z(l). Let r be (3 - (w + 0))/1. Let o(f) = -3*f**2 + 1. Determine o(r).
-2
Let l(w) be the second derivative of -w**3/6 - 3*w**2/2 - 9*w. Give l(-3).
0
Let s(k) be the first derivative of -5*k**2/2 - 2*k - 14. Give s(3).
-17
Let t(v) = -4*v**3 + 3*v + 2. Let y be t(-1). Let o(l) = -7 + 2*l - y*l + 2*l + 2. What is o(-5)?
-10
Let h(y) = 27*y**2 - 25*y**2 + 0 + 1 - y**3. Give h(2).
1
Let l(s) = 2*s + 5. Let n(f) = f + 3. Let x(w) = 3*l(w) - 5*n(w). Determine x(-4).
-4
Let h(l) = 2*l - 5. Let v(w) = 6*w - 16. Let a(r) = 10*h(r) - 3*v(r). Let m = -9 - -13. Suppose 5*p = 2*c - 4*c + 20, -5*c + 16 = m*p. Determine a(p).
6
Let v(m) = m**2 + 3*m + 3. Let y be v(-3). Let x(s) = s - y*s + s + s**2 - 6*s. What is x(5)?
-10
Let s(k) = 2*k**3 + 4*k**2 + 4*k + 3. Suppose 3*n - 2*n = -3*h - 16, -2*n + 4 = 0. Let d = h - -4. Give s(d).
-5
Let c(f) = f**3 + 8*f**2 + 8*f + 5. Let h(q) = -6*q**2 - q. Let y be h(1). Determine c(y).
-2
Let l(v) be the second derivative of v**4/2 + v**3/6 - v. Suppose 20 - 14 = -6*f. Calculate l(f).
5
Let p(j) = 6 + j**3 - 2*j + j + 2*j + 4*j**2 + j. Let w = 2 - 6. Calculate p(w).
-2
Let y(m) = 8*m + 13. Let q(z) = -9*z - 15. Let t(s) = -4*q(s) - 5*y(s). Determine t(5).
-25
Let j(s) = -3*s**3 - 5*s**2 + 12*s - 10. Let t(z) = 4*z**3 + 8*z**2 - 18*z + 15. Let g(u) = 7*j(u) + 5*t(u). Give g(4).
-3
Let x(v) = 1347*v + 5 + 0 - v**2 - 1344*v. Calculate x(5).
-5
Let y(f) = 5*f + 8. Let r be y(-2). Let b(i) = -i. Give b(r).
2
Let b(x) = -8*x**2 - 1. Let y(f) = 8*f**2 + 1. Let h(o) = 6*b(o) + 5*y(o). Give h(1).
-9
Let u = 11 + -8. Let i(n) = 4*n**u + 2*n**3 + n - 2*n. Suppose 0 = 2*y - 8, -2*y = 4*b - 7*y + 24. What is i(b)?
-5
Let q(m) = -m**3 - 9*m**2 + 3. Let o be q(-9). Let u be ((-3)/3)/(1/o). Let r(w) = 2*w**2 + 3*w - 2. What is r(u)?
7
Let m(u) = u**2 - 3*u + 1. Let c = 7 - 4. Give m(c).
1
Let l(f) = -f**3 + 2*f. Suppose -4*x = -6*x. Suppose m + 2 = r - 4, x = 2*r + m. Give l(r).
-4
Let x(g) be the third derivative of g**5/60 - 5*g**4/24 - g**3/3 + g**2. Suppose 41*l = 42*l - 6. Calculate x(l).
4
Suppose 40 = 5*f - 5*p, f - 7*p - 16 = -4*p. Let r(a) = 2*a - 3*a**3 - 2 + 2*a**3 + f*a**2 - 5*a + 4. Give r(3).
2
Let j(u) = -u**3 - 9*u**2 + u + 12. Let a be j(-9). Let k(q) = -q - 4*q + a*q + 3*q. Give k(1).
1
Let r = -13 - -9. Let f be 5/(-2) + 2/r. Let v(w) be the third derivative of -w**4/24 + w**3/6 + 2*w**2. Determine v(f).
4
Let s(y) be the second derivative of -3*y + 1/6*y**3 + 3*y**2 + 0. Give s(-3).
3
Let b(p) = -p - 3. Let f be b(-7). Suppose 2*n = 2, 0 = f*v - 2*v - 2*n. Let i(a) = 4*a**2. Determine i(v).
4
Let j(w) = 6*w**3 + 4*w**2 - 2*w - 1. Let i(l) = -l**3 + 1. Let q(f) = -5*i(f) - j(f). Let r be -23 + 18 + (2 - 2). What is q(r)?
11
Let f(a) = 2*a + 3. Suppose 7*o - 4 = -18. Calculate f(o).
-1
Let x(c) be the third derivative of -c**6/120 + 3*c**5/20 + 3*c**4/8 + 7*c**3/6 - 2*c**2. Let t be x(10). Let w(a) = -a**3 - 3*a**2 - a + 4. What is w(t)?
7
Let a(r) be the first derivative of -3*r**2 - 3*r + 44. What is a(4)?
-27
Let l(z) be the second derivative of z**3/3 - z**2 - 5*z. Suppose -4*k - 2*j + 20 = 2*j, -5*k + 5*j = 5. Calculate l(k).
2
Let n(b) = b - 2. Suppose 2*m = -0*m - 4*p - 2, -4*m - 2*p - 22 = 0. Let f(u) = -u - 7. Let h be f(m). Suppose h = q - 2*q + 2. Determine n(q).
0
Let y = 7 + -3. Let u = 5 - y. Let x(c) = 4*c**2 - 5*c**2 - 8*c**3 + 2*c**2. Give x(u).
-7
Let i(b) = -b**2 + 4*b - 1. Let m be i(3). Let z(g) = -2 + g**3 - g**m + 0 - 3 + 4 - g. Determine z(-2).
-11
Let l(c) = -1 + 0*c + 1 - c. Let z(g) = g + 4. Let m(i) = i - 4. Let h be m(0). Let j be z(h). Determine l(j).
0
Let j be ((-4)/(-3))/(6/(-9)). Let l = j - -7. Suppose 0 = -5*t - 4*a + 3 + 6, 37 = l*t - 3*a. Let b(h) = -h**2 + 4*h + 5. Give b(t).
0
Let o(v) = -2*v**3. Let w(q) = 3*q**3 + 3*q**2 + 6*q - 5. Let y(u) = 2*o(u) + w(u). Give y(4).
3
Let f(n) = 4*n - 38. Let z be f(10). Let a(p) = 2*p**2 + 2*p + 1. Give a(z).
13
Let l(d) = -d + 5. Let i(q) = -2*q + 6. Let k(o) = 2*i(o) - 3*l(o). Determine k(5).
-8
Let s(k) be the first derivative of -5*k**4/24 - k**3/6 + k**2/2 - 1. Let c(q) be the second derivative of s(q). What is c(2)?
-11
Let f = -133 + 138. Let o(d) = d + 1. Let j(x) = -2*x + 5. Let v(i) = j(i) + o(i). Calculate v(f).
1
Let c(s) = -s**2 + 5*s - 3. Suppose 4*f + 7 = -5*p, -2*p + 2 = 5*f - 2. Let u be (-2)/9 - 94/(-18). Let v = u - f. Determine c(v).
3
Let b(y) be the third derivative of -y**6/40 + y**4/24 + y**3/6 - 6*y**2. Calculate b(-1).
3
Suppose a + m + 4 = 0, 5 = 4*a - 5*m - 24. Let w(t) = -a + 2*t + 4 - 5*t**2 - 1 + 6*t**2. What is w(-3)?
5
Let f be (-2)/4*-1*10. Let s be (-64)/(-40) - (-1)/(-5)*-2. Let i(q) = 1 - f*q**s + q**3 + 5*q - q - 7. Determine i(4).
-6
Suppose -6 = 4*w - 5*h, 26 = -2*w - 2*w - 5*h. Let b(j) be the first derivative of -1/3*j**3 - 2 + j - j**2. Give b(w).
-7
Suppose -4*v = 5*o - 8, 5*v + o + 5 = 15. Let f(j) = 1 - 2 - j + 8*j - 6*j. Calculate f(v).
1
Let f(p) = -5*p**3 - 2*p + 2 + 4*p**3 + p**2 + 0*p**2. Give f(2).
-6
Let z(l) = 14*l**3 + 11*l**2 - 24. Let a(o) = 5*o**3 + 4*o**2 - 8. Let i(j) = -11*a(j) + 4*z(j). Determine i(0).
-8
Let c(n) be the third derivative of -n**5/60 - 3*n**4/8 - n**3/2 + 17*n**2. Give c(-5).
17
Let t(i) be the second derivative of -i**3/6 + 2*i. Let b = 8 + -9. Give t(b).
1
Let n be 4/(-16) - 9/(-4). Let z(t) be the third derivative of -1/60*t**5 + 1/24*t**4 + 0*t + 1/60*t**6 + 1/6*t**3 + 0 + n*t**2. Determine z(-1).
-3
Let f be 2/(-9)*-3*195/26. Let c(x) = -x**3 + 4*x**2 + 4*x + 4. Calculate c(f).
-1
Suppose 4*p = -0*p + 8. Let s(n) = -n**2 - p + 2 - 2 + 3 - 7*n. What is s(-6)?
7
Suppose -2*x = 3*x + 25, 4*t - 3*x = 55. Let a = t + -14. Let p(c) be the first derivative of -c**3/3 - 2*c**2 + 3*c + 1. Calculate p(a).
3
Let y be 33/(-7) - (-2)/(-7). Let z(o) = -o**2 - 4*o - 6. Let f(t) = t. Let j(d) = 2*f(d) - z(d). Let r be j(y). Let a(m) = -2*m - 1. Calculate a(r).
-3
Let u(p) = p**3 + p + 4. Suppose 5*a + 12 = 2, 5*o - a = 2. Give u(o).
4
Let m(f) be the first derivative of -f**2/2 + f - 32. Determine m(0).
1
Let c(r) = 1 + 12*r**2 - 4*r**2 - 1. Suppose -5*u = -2*u - 2*a - 7, -2*u = 4*a + 6. Calculate c(u).
8
Let y be (1/1)/(4/(-3*4)). Let x(k) = 2*k + 4. Let u(p) = 2*p + 5. Suppose 2*m + 20 = 7*m. Let q(l) = m*x(l) - 3*u(l). What is q(y)?
-5
Let r(a) = -a**2 + 1. Suppose -f - 2*f + 7 = 5*v, -5*f - 11 = -3*v. Let g be f*1*(-2 - -2). Calculate r(g).
1
Let r(n) = -n**2 + 1. Let y be r(2). Let h be ((-9)/6)/(y/4). Let m(f) = h*f + 8*f**2 - 6*f**2 - 5*f**2 - 1. Calculate m(1).
-2
Let i(k) be the second derivative of 3*k + 2/3*k**3 - 1/12*k**4 + 1/2*k**2 + 0. What is i(5)?
-4
Let u(x) be the first derivative of -1/12*x**4 + 4*x - 1/6*x**3 + 3/2*x**2 - 2. Let z(t) be the first derivative of u(t). Give z(3).
-9
Suppose 0 = w - 2 - 3. Suppose -2*y - 1 = -w. Let n(k) = k**2 - k. What is n(y)?
2
Let j(k) = -7*k**3 - 2*k - 1. Suppose -g + v - 16 = 6*v, 0 = 4*v + 12. Calculate j(g).
8
Let t(f) = -f + 2*f + 5 + 3 - 3*f. Give t(7).
-6
Let l be 3/2 - 3 - (-6)/(-4). Let t(s) = -s - 4. Determine t(l).
-1
Let w(t) = -t + 1. Let b be w(7). Let v(g) = -g**3 - 5*g**2 + 7*g + 1. Determine v(b).
-5
Let p(w) = 2*w**2 + 2 - 5 + 3*w**3 + 4 - 8*w**3 - 2*w. Give p(1).
-4
Let h(o) = 6*o - 2. Let i(f) = f - 1. Let q(a) = -h(a) + 8*i(a). What is q(4)?
2
Let z(a) = 3*a + 